Dec 02 06:11:35.196 INFO testing Kode-Cultur/rusty-gopher against master#8940af3cea4a9a9deabcaf843b2f8cad9a83fc61 for beta-1.31-5
Dec 02 06:11:35.196 INFO running `"docker" "create" "-v" "/mnt/big/crater/work/local/target-dirs/beta-1.31-5/worker-6/master#8940af3cea4a9a9deabcaf843b2f8cad9a83fc61:/target:rw,Z" "-v" "/mnt/big/crater/work/local/test-source/worker-6/beta-1.31-5/master#8940af3cea4a9a9deabcaf843b2f8cad9a83fc61:/source:ro,Z" "-v" "/mnt/big/crater/work/local/cargo-home:/cargo-home:ro,Z" "-v" "/mnt/big/crater/work/local/rustup-home:/rustup-home:ro,Z" "-e" "USER_ID=1000" "-e" "SOURCE_DIR=/source" "-e" "USER_ID=1000" "-e" "CMD=cargo +8940af3cea4a9a9deabcaf843b2f8cad9a83fc61-alt build --frozen" "-e" "CARGO_TARGET_DIR=/target" "-e" "CARGO_INCREMENTAL=0" "-e" "RUST_BACKTRACE=full" "-e" "RUSTFLAGS=--cap-lints=warn" "-e" "CARGO_HOME=/cargo-home" "-e" "RUSTUP_HOME=/rustup-home" "-m" "1536M" "--network" "none" "crater"`
Dec 02 06:11:35.628 INFO [stdout] 5e131258ee7bb0d4d2846643c0b70c8937d50ba466a697d782981511431ece31
Dec 02 06:11:35.632 INFO running `"docker" "start" "-a" "5e131258ee7bb0d4d2846643c0b70c8937d50ba466a697d782981511431ece31"`
Dec 02 06:11:37.063 INFO [stderr] usermod: no changes
Dec 02 06:11:37.323 INFO [stderr]    Compiling users v0.6.1
Dec 02 06:11:37.326 INFO [stderr]    Compiling term v0.5.1
Dec 02 06:11:37.331 INFO [stderr]    Compiling mio v0.6.14
Dec 02 06:11:37.331 INFO [stderr]    Compiling tokio-io v0.1.6
Dec 02 06:11:37.331 INFO [stderr]    Compiling tokio-threadpool v0.1.3
Dec 02 06:11:37.331 INFO [stderr]    Compiling serde_derive_internals v0.23.1
Dec 02 06:11:44.875 INFO [stderr]    Compiling slog-term v2.4.0
Dec 02 06:11:47.751 INFO [stderr]    Compiling tokio-fs v0.1.0
Dec 02 06:11:48.075 INFO [stderr]    Compiling tokio-reactor v0.1.1
Dec 02 06:11:55.910 INFO [stderr]    Compiling tokio-tcp v0.1.0
Dec 02 06:11:55.911 INFO [stderr]    Compiling tokio-udp v0.1.0
Dec 02 06:11:56.228 INFO [stderr]    Compiling serde_derive v1.0.45
Dec 02 06:11:57.993 INFO [stderr]    Compiling tokio v0.1.6
Dec 02 06:12:07.282 INFO [stderr]    Compiling docopt v0.8.3
Dec 02 06:12:11.647 INFO [stderr]    Compiling rusty-gopher v0.1.0 (/source)
Dec 02 06:12:15.863 INFO [stderr] error[E0554]: #![feature] may not be used on the beta release channel
Dec 02 06:12:15.863 INFO [stderr]   --> src/main.rs:21:1
Dec 02 06:12:15.863 INFO [stderr]    |
Dec 02 06:12:15.863 INFO [stderr] 21 | #![feature(termination_trait_lib)]
Dec 02 06:12:15.863 INFO [stderr]    | ^^^^^^^^^^^^^^^^^^^^^^^^^^^^^^^^^^
Dec 02 06:12:15.863 INFO [stderr] 
Dec 02 06:12:15.863 INFO [stderr] error[E0554]: #![feature] may not be used on the beta release channel
Dec 02 06:12:15.863 INFO [stderr]   --> src/main.rs:22:1
Dec 02 06:12:15.863 INFO [stderr]    |
Dec 02 06:12:15.863 INFO [stderr] 22 | #![feature(process_exitcode_placeholder)]
Dec 02 06:12:15.863 INFO [stderr]    | ^^^^^^^^^^^^^^^^^^^^^^^^^^^^^^^^^^^^^^^^^
Dec 02 06:12:15.863 INFO [stderr] 
Dec 02 06:12:15.863 INFO [stderr] error[E0554]: #![feature] may not be used on the beta release channel
Dec 02 06:12:15.863 INFO [stderr]   --> src/main.rs:24:1
Dec 02 06:12:15.863 INFO [stderr]    |
Dec 02 06:12:15.863 INFO [stderr] 24 | #![feature(test)]
Dec 02 06:12:15.863 INFO [stderr]    | ^^^^^^^^^^^^^^^^^
Dec 02 06:12:15.863 INFO [stderr] 
Dec 02 06:12:15.867 INFO [stderr] error: aborting due to 3 previous errors
Dec 02 06:12:15.867 INFO [stderr] 
Dec 02 06:12:15.867 INFO [stderr] For more information about this error, try `rustc --explain E0554`.
Dec 02 06:12:15.883 INFO [stderr] error: Could not compile `rusty-gopher`.
Dec 02 06:12:15.883 INFO [stderr] 
Dec 02 06:12:15.883 INFO [stderr] To learn more, run the command again with --verbose.
Dec 02 06:12:15.883 INFO [stderr] su: No module specific data is present
Dec 02 06:12:16.194 INFO running `"docker" "inspect" "5e131258ee7bb0d4d2846643c0b70c8937d50ba466a697d782981511431ece31"`
Dec 02 06:12:16.270 INFO running `"docker" "rm" "-f" "5e131258ee7bb0d4d2846643c0b70c8937d50ba466a697d782981511431ece31"`
Dec 02 06:12:16.355 INFO [stdout] 5e131258ee7bb0d4d2846643c0b70c8937d50ba466a697d782981511431ece31
